{"id":306,"date":"2021-04-18T12:26:55","date_gmt":"2021-04-18T10:26:55","guid":{"rendered":"https:\/\/almenland.reisinger.st\/wp-shop\/?page_id=306"},"modified":"2021-10-26T11:43:30","modified_gmt":"2021-10-26T09:43:30","slug":"click-collect-abholung-im-kaufhaus-reisinger","status":"publish","type":"page","link":"https:\/\/almenland.reisinger.st\/shop\/click-collect-abholung-im-kaufhaus-reisinger\/","title":{"rendered":"Click &#038; Collect &#8211; Abholung im Kaufhaus Reisinger"},"content":{"rendered":"<h1 style=\"text-align: center;\">Click &amp; Collect<br \/>\nAbholung im Kaufhaus Reisinger<\/h1>\n<p style=\"text-align: center;\"><img loading=\"lazy\" decoding=\"async\" class=\"alignnone size-full wp-image-58\" src=\"https:\/\/almenland.reisinger.st\/shop\/wp-content\/uploads\/2021\/01\/reisinger-logo.png\" alt=\"\" width=\"259\" height=\"60\" \/><\/p>\n<p style=\"text-align: center;\"><strong>Der gew\u00fcnschte Artikel ist nur mit Abholung <\/strong><br \/>\n<strong>im Kaufhaus Reisinger, Markt 17, 8162 Passail m\u00f6glich.<\/strong><br \/>\n<a href=\"https:\/\/almenland.reisinger.st\/shop\/versandarten\/\">Mehr Infos<\/a><\/p>\n<h3 style=\"text-align: center;\">Bestellungen vor 12 Uhr<\/h3>\n<p style=\"text-align: center;\">Wenn Sie von Montag bis Freitag Ihre Bestellung vor 12 Uhr abschlie\u00dfen, ist der Artikel ab 15 Uhr am selben Tag f\u00fcr Sie abholbereit (ausgenommen Feiertage\/Wochenende).<br \/>\nClick &amp; Collect Produkte sind fr\u00fchestens 2 Stunden nach der Bestellabgabe verf\u00fcgbar. Bei Fragen kontaktieren Sie uns per Telefon unter BERATUNG +43 3179\/23301.<\/p>\n<h3 style=\"text-align: center;\">Bestellungen nach 12 Uhr<\/h3>\n<p style=\"text-align: center;\">Wenn Sie von Montag bis Freitag nach 12 Uhr Ihre Bestellung abschlie\u00dfen, ist der Artikel ab 9 Uhr am darauffolgenden Tag f\u00fcr Sie abholbereit (ausgenommen Feiertage\/Wochenende).<\/p>\n<p style=\"text-align: center;\"><div class='infobox bg-gray text-red text-serif w-100 px-4 py-2'>Haben Sie ein Produkt aus \u201eClick &amp; Collect\u201c gew\u00e4hlt, k\u00f6nnen Sie alle weiteren Artikel aus dem Onlineshop ebenso im Kaufhaus Reisinger abholen \u2013 die Portokosten fallen somit weg.<\/div><\/p>\n","protected":false},"excerpt":{"rendered":"<p>Click &amp; Collect Abholung im Kaufhaus Reisinger Der gew\u00fcnschte Artikel ist nur mit Abholung im Kaufhaus Reisinger, Markt 17, 8162 Passail m\u00f6glich. Mehr Infos Bestellungen vor 12 Uhr Wenn Sie von Montag bis Freitag Ihre Bestellung vor 12 Uhr abschlie\u00dfen, ist der Artikel ab 15 Uhr am selben Tag f\u00fcr Sie abholbereit (ausgenommen Feiertage\/Wochenende). Click [&hellip;]<\/p>\n","protected":false},"author":1,"featured_media":0,"parent":0,"menu_order":0,"comment_status":"closed","ping_status":"closed","template":"page-modal.php","meta":{"_acf_changed":false,"footnotes":""},"class_list":["post-306","page","type-page","status-publish","hentry"],"acf":[],"yoast_head":"<!-- This site is optimized with the Yoast SEO plugin v27.0 - https:\/\/yoast.com\/product\/yoast-seo-wordpress\/ -->\n<title>Click &amp; Collect - Abholung im Kaufhaus Reisinger &#8212; Almenland Shop Reisinger<\/title>\n<meta name=\"robots\" content=\"index, follow, max-snippet:-1, max-image-preview:large, max-video-preview:-1\" \/>\n<link rel=\"canonical\" href=\"https:\/\/almenland.reisinger.st\/shop\/click-collect-abholung-im-kaufhaus-reisinger\/\" \/>\n<meta property=\"og:locale\" content=\"de_DE\" \/>\n<meta property=\"og:type\" content=\"article\" \/>\n<meta property=\"og:title\" content=\"Click &amp; Collect - Abholung im Kaufhaus Reisinger &#8212; Almenland Shop Reisinger\" \/>\n<meta property=\"og:description\" content=\"Click &amp; Collect Abholung im Kaufhaus Reisinger Der gew\u00fcnschte Artikel ist nur mit Abholung im Kaufhaus Reisinger, Markt 17, 8162 Passail m\u00f6glich. Mehr Infos Bestellungen vor 12 Uhr Wenn Sie von Montag bis Freitag Ihre Bestellung vor 12 Uhr abschlie\u00dfen, ist der Artikel ab 15 Uhr am selben Tag f\u00fcr Sie abholbereit (ausgenommen Feiertage\/Wochenende). Click [&hellip;]\" \/>\n<meta property=\"og:url\" content=\"https:\/\/almenland.reisinger.st\/shop\/click-collect-abholung-im-kaufhaus-reisinger\/\" \/>\n<meta property=\"og:site_name\" content=\"Almenland Shop Reisinger\" \/>\n<meta property=\"article:publisher\" content=\"https:\/\/www.facebook.com\/Reisinger-Kaufhaus-116756108344807\/\" \/>\n<meta property=\"article:modified_time\" content=\"2021-10-26T09:43:30+00:00\" \/>\n<meta property=\"og:image\" content=\"https:\/\/almenland.reisinger.st\/shop\/wp-content\/uploads\/2021\/01\/reisinger-logo.png\" \/>\n<meta name=\"twitter:card\" content=\"summary_large_image\" \/>\n<meta name=\"twitter:label1\" content=\"Gesch\u00e4tzte Lesezeit\" \/>\n\t<meta name=\"twitter:data1\" content=\"1\u00a0Minute\" \/>\n<script type=\"application\/ld+json\" class=\"yoast-schema-graph\">{\"@context\":\"https:\/\/schema.org\",\"@graph\":[{\"@type\":\"WebPage\",\"@id\":\"https:\/\/almenland.reisinger.st\/shop\/click-collect-abholung-im-kaufhaus-reisinger\/\",\"url\":\"https:\/\/almenland.reisinger.st\/shop\/click-collect-abholung-im-kaufhaus-reisinger\/\",\"name\":\"Click & Collect - Abholung im Kaufhaus Reisinger &#8212; Almenland Shop Reisinger\",\"isPartOf\":{\"@id\":\"https:\/\/almenland.reisinger.st\/shop\/#website\"},\"primaryImageOfPage\":{\"@id\":\"https:\/\/almenland.reisinger.st\/shop\/click-collect-abholung-im-kaufhaus-reisinger\/#primaryimage\"},\"image\":{\"@id\":\"https:\/\/almenland.reisinger.st\/shop\/click-collect-abholung-im-kaufhaus-reisinger\/#primaryimage\"},\"thumbnailUrl\":\"https:\/\/almenland.reisinger.st\/shop\/wp-content\/uploads\/2021\/01\/reisinger-logo.png\",\"datePublished\":\"2021-04-18T10:26:55+00:00\",\"dateModified\":\"2021-10-26T09:43:30+00:00\",\"breadcrumb\":{\"@id\":\"https:\/\/almenland.reisinger.st\/shop\/click-collect-abholung-im-kaufhaus-reisinger\/#breadcrumb\"},\"inLanguage\":\"de\",\"potentialAction\":[{\"@type\":\"ReadAction\",\"target\":[\"https:\/\/almenland.reisinger.st\/shop\/click-collect-abholung-im-kaufhaus-reisinger\/\"]}]},{\"@type\":\"ImageObject\",\"inLanguage\":\"de\",\"@id\":\"https:\/\/almenland.reisinger.st\/shop\/click-collect-abholung-im-kaufhaus-reisinger\/#primaryimage\",\"url\":\"https:\/\/almenland.reisinger.st\/shop\/wp-content\/uploads\/2021\/01\/reisinger-logo.png\",\"contentUrl\":\"https:\/\/almenland.reisinger.st\/shop\/wp-content\/uploads\/2021\/01\/reisinger-logo.png\"},{\"@type\":\"BreadcrumbList\",\"@id\":\"https:\/\/almenland.reisinger.st\/shop\/click-collect-abholung-im-kaufhaus-reisinger\/#breadcrumb\",\"itemListElement\":[{\"@type\":\"ListItem\",\"position\":1,\"name\":\"Startseite\",\"item\":\"https:\/\/almenland.reisinger.st\/shop\/\"},{\"@type\":\"ListItem\",\"position\":2,\"name\":\"Click &#038; Collect &#8211; Abholung im Kaufhaus Reisinger\"}]},{\"@type\":\"WebSite\",\"@id\":\"https:\/\/almenland.reisinger.st\/shop\/#website\",\"url\":\"https:\/\/almenland.reisinger.st\/shop\/\",\"name\":\"Almenland Shop Reisinger\",\"description\":\"Eine weitere WordPress-Website\",\"publisher\":{\"@id\":\"https:\/\/almenland.reisinger.st\/shop\/#organization\"},\"potentialAction\":[{\"@type\":\"SearchAction\",\"target\":{\"@type\":\"EntryPoint\",\"urlTemplate\":\"https:\/\/almenland.reisinger.st\/shop\/?s={search_term_string}\"},\"query-input\":{\"@type\":\"PropertyValueSpecification\",\"valueRequired\":true,\"valueName\":\"search_term_string\"}}],\"inLanguage\":\"de\"},{\"@type\":\"Organization\",\"@id\":\"https:\/\/almenland.reisinger.st\/shop\/#organization\",\"name\":\"Almenland - Kaufhaus Reisinger\",\"url\":\"https:\/\/almenland.reisinger.st\/shop\/\",\"logo\":{\"@type\":\"ImageObject\",\"inLanguage\":\"de\",\"@id\":\"https:\/\/almenland.reisinger.st\/shop\/#\/schema\/logo\/image\/\",\"url\":\"https:\/\/almenland.reisinger.st\/shop\/wp-content\/uploads\/2021\/01\/reisinger-logo.png\",\"contentUrl\":\"https:\/\/almenland.reisinger.st\/shop\/wp-content\/uploads\/2021\/01\/reisinger-logo.png\",\"width\":259,\"height\":60,\"caption\":\"Almenland - Kaufhaus Reisinger\"},\"image\":{\"@id\":\"https:\/\/almenland.reisinger.st\/shop\/#\/schema\/logo\/image\/\"},\"sameAs\":[\"https:\/\/www.facebook.com\/Reisinger-Kaufhaus-116756108344807\/\",\"https:\/\/www.instagram.com\/reisingerkaufhaus\"]}]}<\/script>\n<!-- \/ Yoast SEO plugin. -->","yoast_head_json":{"title":"Click & Collect - Abholung im Kaufhaus Reisinger &#8212; Almenland Shop Reisinger","robots":{"index":"index","follow":"follow","max-snippet":"max-snippet:-1","max-image-preview":"max-image-preview:large","max-video-preview":"max-video-preview:-1"},"canonical":"https:\/\/almenland.reisinger.st\/shop\/click-collect-abholung-im-kaufhaus-reisinger\/","og_locale":"de_DE","og_type":"article","og_title":"Click & Collect - Abholung im Kaufhaus Reisinger &#8212; Almenland Shop Reisinger","og_description":"Click &amp; Collect Abholung im Kaufhaus Reisinger Der gew\u00fcnschte Artikel ist nur mit Abholung im Kaufhaus Reisinger, Markt 17, 8162 Passail m\u00f6glich. Mehr Infos Bestellungen vor 12 Uhr Wenn Sie von Montag bis Freitag Ihre Bestellung vor 12 Uhr abschlie\u00dfen, ist der Artikel ab 15 Uhr am selben Tag f\u00fcr Sie abholbereit (ausgenommen Feiertage\/Wochenende). Click [&hellip;]","og_url":"https:\/\/almenland.reisinger.st\/shop\/click-collect-abholung-im-kaufhaus-reisinger\/","og_site_name":"Almenland Shop Reisinger","article_publisher":"https:\/\/www.facebook.com\/Reisinger-Kaufhaus-116756108344807\/","article_modified_time":"2021-10-26T09:43:30+00:00","og_image":[{"url":"https:\/\/almenland.reisinger.st\/shop\/wp-content\/uploads\/2021\/01\/reisinger-logo.png","type":"","width":"","height":""}],"twitter_card":"summary_large_image","twitter_misc":{"Gesch\u00e4tzte Lesezeit":"1\u00a0Minute"},"schema":{"@context":"https:\/\/schema.org","@graph":[{"@type":"WebPage","@id":"https:\/\/almenland.reisinger.st\/shop\/click-collect-abholung-im-kaufhaus-reisinger\/","url":"https:\/\/almenland.reisinger.st\/shop\/click-collect-abholung-im-kaufhaus-reisinger\/","name":"Click & Collect - Abholung im Kaufhaus Reisinger &#8212; Almenland Shop Reisinger","isPartOf":{"@id":"https:\/\/almenland.reisinger.st\/shop\/#website"},"primaryImageOfPage":{"@id":"https:\/\/almenland.reisinger.st\/shop\/click-collect-abholung-im-kaufhaus-reisinger\/#primaryimage"},"image":{"@id":"https:\/\/almenland.reisinger.st\/shop\/click-collect-abholung-im-kaufhaus-reisinger\/#primaryimage"},"thumbnailUrl":"https:\/\/almenland.reisinger.st\/shop\/wp-content\/uploads\/2021\/01\/reisinger-logo.png","datePublished":"2021-04-18T10:26:55+00:00","dateModified":"2021-10-26T09:43:30+00:00","breadcrumb":{"@id":"https:\/\/almenland.reisinger.st\/shop\/click-collect-abholung-im-kaufhaus-reisinger\/#breadcrumb"},"inLanguage":"de","potentialAction":[{"@type":"ReadAction","target":["https:\/\/almenland.reisinger.st\/shop\/click-collect-abholung-im-kaufhaus-reisinger\/"]}]},{"@type":"ImageObject","inLanguage":"de","@id":"https:\/\/almenland.reisinger.st\/shop\/click-collect-abholung-im-kaufhaus-reisinger\/#primaryimage","url":"https:\/\/almenland.reisinger.st\/shop\/wp-content\/uploads\/2021\/01\/reisinger-logo.png","contentUrl":"https:\/\/almenland.reisinger.st\/shop\/wp-content\/uploads\/2021\/01\/reisinger-logo.png"},{"@type":"BreadcrumbList","@id":"https:\/\/almenland.reisinger.st\/shop\/click-collect-abholung-im-kaufhaus-reisinger\/#breadcrumb","itemListElement":[{"@type":"ListItem","position":1,"name":"Startseite","item":"https:\/\/almenland.reisinger.st\/shop\/"},{"@type":"ListItem","position":2,"name":"Click &#038; Collect &#8211; Abholung im Kaufhaus Reisinger"}]},{"@type":"WebSite","@id":"https:\/\/almenland.reisinger.st\/shop\/#website","url":"https:\/\/almenland.reisinger.st\/shop\/","name":"Almenland Shop Reisinger","description":"Eine weitere WordPress-Website","publisher":{"@id":"https:\/\/almenland.reisinger.st\/shop\/#organization"},"potentialAction":[{"@type":"SearchAction","target":{"@type":"EntryPoint","urlTemplate":"https:\/\/almenland.reisinger.st\/shop\/?s={search_term_string}"},"query-input":{"@type":"PropertyValueSpecification","valueRequired":true,"valueName":"search_term_string"}}],"inLanguage":"de"},{"@type":"Organization","@id":"https:\/\/almenland.reisinger.st\/shop\/#organization","name":"Almenland - Kaufhaus Reisinger","url":"https:\/\/almenland.reisinger.st\/shop\/","logo":{"@type":"ImageObject","inLanguage":"de","@id":"https:\/\/almenland.reisinger.st\/shop\/#\/schema\/logo\/image\/","url":"https:\/\/almenland.reisinger.st\/shop\/wp-content\/uploads\/2021\/01\/reisinger-logo.png","contentUrl":"https:\/\/almenland.reisinger.st\/shop\/wp-content\/uploads\/2021\/01\/reisinger-logo.png","width":259,"height":60,"caption":"Almenland - Kaufhaus Reisinger"},"image":{"@id":"https:\/\/almenland.reisinger.st\/shop\/#\/schema\/logo\/image\/"},"sameAs":["https:\/\/www.facebook.com\/Reisinger-Kaufhaus-116756108344807\/","https:\/\/www.instagram.com\/reisingerkaufhaus"]}]}},"_links":{"self":[{"href":"https:\/\/almenland.reisinger.st\/shop\/wp-json\/wp\/v2\/pages\/306","targetHints":{"allow":["GET"]}}],"collection":[{"href":"https:\/\/almenland.reisinger.st\/shop\/wp-json\/wp\/v2\/pages"}],"about":[{"href":"https:\/\/almenland.reisinger.st\/shop\/wp-json\/wp\/v2\/types\/page"}],"author":[{"embeddable":true,"href":"https:\/\/almenland.reisinger.st\/shop\/wp-json\/wp\/v2\/users\/1"}],"replies":[{"embeddable":true,"href":"https:\/\/almenland.reisinger.st\/shop\/wp-json\/wp\/v2\/comments?post=306"}],"version-history":[{"count":13,"href":"https:\/\/almenland.reisinger.st\/shop\/wp-json\/wp\/v2\/pages\/306\/revisions"}],"predecessor-version":[{"id":894,"href":"https:\/\/almenland.reisinger.st\/shop\/wp-json\/wp\/v2\/pages\/306\/revisions\/894"}],"wp:attachment":[{"href":"https:\/\/almenland.reisinger.st\/shop\/wp-json\/wp\/v2\/media?parent=306"}],"curies":[{"name":"wp","href":"https:\/\/api.w.org\/{rel}","templated":true}]}}