{"id":419,"date":"2021-06-09T15:05:29","date_gmt":"2021-06-09T13:05:29","guid":{"rendered":"https:\/\/almenland.reisinger.st\/wp-shop\/?post_type=product&#038;p=419"},"modified":"2025-12-10T09:13:37","modified_gmt":"2025-12-10T08:13:37","slug":"steiermark-premium-geschenkkarton","status":"publish","type":"product","link":"https:\/\/almenland.reisinger.st\/shop\/produkt\/steiermark-premium-geschenkkarton\/","title":{"rendered":"Steiermark Premium Geschenkkarton"},"content":{"rendered":"<p>Ein Geschenkkarton gef\u00fcllt mit K\u00f6stlichkeiten aus der Steiermark ist immer eine sch\u00f6ne Aufmerksamkeit. Ob als Gastgeschenk, Mitbringsel oder f\u00fcr einen Jubilar \u2013 die hochwertigen Produkte aus dem Almenland und der gesamten Steiermark sind eine Besonderheit, die immer wieder gerne selbst gekauft oder auch verschenkt wird.<\/p>\n<p>Echt steirisch, echt guat!<\/p>\n<p>&nbsp;<\/p>\n","protected":false},"excerpt":{"rendered":"<p>Beinhaltet 10 hochwertige Produkte:<\/p>\n<p>Streilhofer Orig. Mulbratl 200 g<br \/>\nGollien Steirische K\u00e4ferbohnen 400 g<br \/>\nKrenland Steirischer Tafelkren 200 g<br \/>\nWilhelm Honigessig 0,25 l<br \/>\nGollien Echt steirisches K\u00fcrbiskern\u00f6l 0,25 l<br \/>\nSkoff Wei\u00dfburgunder 0,75 l<br \/>\nVulcano Speckfr\u00fcchte 120 g<br \/>\nAlmenland Marmelade 260 g<br \/>\nZotter Schokolade 70 g<br \/>\nAlmenland Lebkuchen 120 g<\/p>\n<p>Verkauf von alkoholischen Getr\u00e4nken nur an Erwachsene.<\/p>\n","protected":false},"featured_media":416,"template":"","meta":{"_acf_changed":false},"product_brand":[],"product_cat":[54,44],"product_tag":[157,156,158],"class_list":{"0":"post-419","1":"product","2":"type-product","3":"status-publish","4":"has-post-thumbnail","6":"product_cat-click-collect","7":"product_cat-geschenkideen","8":"product_tag-geschenk","9":"product_tag-geschenkkarton","10":"product_tag-karton","12":"first","13":"instock","14":"taxable","15":"shipping-taxable","16":"purchasable","17":"product-type-simple"},"acf":[],"yoast_head":"<!-- This site is optimized with the Yoast SEO plugin v27.0 - https:\/\/yoast.com\/product\/yoast-seo-wordpress\/ -->\n<title>Steiermark Premium Geschenkkarton &#8212; Almenland Shop Reisinger<\/title>\n<meta name=\"robots\" content=\"index, follow, max-snippet:-1, max-image-preview:large, max-video-preview:-1\" \/>\n<link rel=\"canonical\" href=\"https:\/\/almenland.reisinger.st\/shop\/produkt\/steiermark-premium-geschenkkarton\/\" \/>\n<meta property=\"og:locale\" content=\"de_DE\" \/>\n<meta property=\"og:type\" content=\"article\" \/>\n<meta property=\"og:title\" content=\"Steiermark Premium Geschenkkarton &#8212; Almenland Shop Reisinger\" \/>\n<meta property=\"og:description\" content=\"Beinhaltet 10 hochwertige Produkte:  Streilhofer Orig. Mulbratl 200 g Gollien Steirische K\u00e4ferbohnen 400 g Krenland Steirischer Tafelkren 200 g Wilhelm Honigessig 0,25 l Gollien Echt steirisches K\u00fcrbiskern\u00f6l 0,25 l Skoff Wei\u00dfburgunder 0,75 l Vulcano Speckfr\u00fcchte 120 g Almenland Marmelade 260 g Zotter Schokolade 70 g Almenland Lebkuchen 120 g  Verkauf von alkoholischen Getr\u00e4nken nur an Erwachsene.\" \/>\n<meta property=\"og:url\" content=\"https:\/\/almenland.reisinger.st\/shop\/produkt\/steiermark-premium-geschenkkarton\/\" \/>\n<meta property=\"og:site_name\" content=\"Almenland Shop Reisinger\" \/>\n<meta property=\"article:publisher\" content=\"https:\/\/www.facebook.com\/Reisinger-Kaufhaus-116756108344807\/\" \/>\n<meta property=\"article:modified_time\" content=\"2025-12-10T08:13:37+00:00\" \/>\n<meta property=\"og:image\" content=\"https:\/\/almenland.reisinger.st\/shop\/wp-content\/uploads\/2021\/05\/GeschKarton_Steiermark_Premium.jpg\" \/>\n\t<meta property=\"og:image:width\" content=\"2362\" \/>\n\t<meta property=\"og:image:height\" content=\"2362\" \/>\n\t<meta property=\"og:image:type\" content=\"image\/jpeg\" \/>\n<meta name=\"twitter:card\" content=\"summary_large_image\" \/>\n<meta name=\"twitter:label1\" content=\"Gesch\u00e4tzte Lesezeit\" \/>\n\t<meta name=\"twitter:data1\" content=\"1\u00a0Minute\" \/>\n<script type=\"application\/ld+json\" class=\"yoast-schema-graph\">{\"@context\":\"https:\/\/schema.org\",\"@graph\":[{\"@type\":\"WebPage\",\"@id\":\"https:\/\/almenland.reisinger.st\/shop\/produkt\/steiermark-premium-geschenkkarton\/\",\"url\":\"https:\/\/almenland.reisinger.st\/shop\/produkt\/steiermark-premium-geschenkkarton\/\",\"name\":\"Steiermark Premium Geschenkkarton &#8212; Almenland Shop Reisinger\",\"isPartOf\":{\"@id\":\"https:\/\/almenland.reisinger.st\/shop\/#website\"},\"primaryImageOfPage\":{\"@id\":\"https:\/\/almenland.reisinger.st\/shop\/produkt\/steiermark-premium-geschenkkarton\/#primaryimage\"},\"image\":{\"@id\":\"https:\/\/almenland.reisinger.st\/shop\/produkt\/steiermark-premium-geschenkkarton\/#primaryimage\"},\"thumbnailUrl\":\"https:\/\/almenland.reisinger.st\/shop\/wp-content\/uploads\/2021\/05\/GeschKarton_Steiermark_Premium.jpg\",\"datePublished\":\"2021-06-09T13:05:29+00:00\",\"dateModified\":\"2025-12-10T08:13:37+00:00\",\"breadcrumb\":{\"@id\":\"https:\/\/almenland.reisinger.st\/shop\/produkt\/steiermark-premium-geschenkkarton\/#breadcrumb\"},\"inLanguage\":\"de\",\"potentialAction\":[{\"@type\":\"ReadAction\",\"target\":[\"https:\/\/almenland.reisinger.st\/shop\/produkt\/steiermark-premium-geschenkkarton\/\"]}]},{\"@type\":\"ImageObject\",\"inLanguage\":\"de\",\"@id\":\"https:\/\/almenland.reisinger.st\/shop\/produkt\/steiermark-premium-geschenkkarton\/#primaryimage\",\"url\":\"https:\/\/almenland.reisinger.st\/shop\/wp-content\/uploads\/2021\/05\/GeschKarton_Steiermark_Premium.jpg\",\"contentUrl\":\"https:\/\/almenland.reisinger.st\/shop\/wp-content\/uploads\/2021\/05\/GeschKarton_Steiermark_Premium.jpg\",\"width\":2362,\"height\":2362},{\"@type\":\"BreadcrumbList\",\"@id\":\"https:\/\/almenland.reisinger.st\/shop\/produkt\/steiermark-premium-geschenkkarton\/#breadcrumb\",\"itemListElement\":[{\"@type\":\"ListItem\",\"position\":1,\"name\":\"Startseite\",\"item\":\"https:\/\/almenland.reisinger.st\/shop\/\"},{\"@type\":\"ListItem\",\"position\":2,\"name\":\"Shop\",\"item\":\"https:\/\/almenland.reisinger.st\/shop\/shop\/\"},{\"@type\":\"ListItem\",\"position\":3,\"name\":\"Steiermark Premium Geschenkkarton\"}]},{\"@type\":\"WebSite\",\"@id\":\"https:\/\/almenland.reisinger.st\/shop\/#website\",\"url\":\"https:\/\/almenland.reisinger.st\/shop\/\",\"name\":\"Almenland Shop Reisinger\",\"description\":\"Eine weitere WordPress-Website\",\"publisher\":{\"@id\":\"https:\/\/almenland.reisinger.st\/shop\/#organization\"},\"potentialAction\":[{\"@type\":\"SearchAction\",\"target\":{\"@type\":\"EntryPoint\",\"urlTemplate\":\"https:\/\/almenland.reisinger.st\/shop\/?s={search_term_string}\"},\"query-input\":{\"@type\":\"PropertyValueSpecification\",\"valueRequired\":true,\"valueName\":\"search_term_string\"}}],\"inLanguage\":\"de\"},{\"@type\":\"Organization\",\"@id\":\"https:\/\/almenland.reisinger.st\/shop\/#organization\",\"name\":\"Almenland - Kaufhaus Reisinger\",\"url\":\"https:\/\/almenland.reisinger.st\/shop\/\",\"logo\":{\"@type\":\"ImageObject\",\"inLanguage\":\"de\",\"@id\":\"https:\/\/almenland.reisinger.st\/shop\/#\/schema\/logo\/image\/\",\"url\":\"https:\/\/almenland.reisinger.st\/shop\/wp-content\/uploads\/2021\/01\/reisinger-logo.png\",\"contentUrl\":\"https:\/\/almenland.reisinger.st\/shop\/wp-content\/uploads\/2021\/01\/reisinger-logo.png\",\"width\":259,\"height\":60,\"caption\":\"Almenland - Kaufhaus Reisinger\"},\"image\":{\"@id\":\"https:\/\/almenland.reisinger.st\/shop\/#\/schema\/logo\/image\/\"},\"sameAs\":[\"https:\/\/www.facebook.com\/Reisinger-Kaufhaus-116756108344807\/\",\"https:\/\/www.instagram.com\/reisingerkaufhaus\"]}]}<\/script>\n<!-- \/ Yoast SEO plugin. -->","yoast_head_json":{"title":"Steiermark Premium Geschenkkarton &#8212; Almenland Shop Reisinger","robots":{"index":"index","follow":"follow","max-snippet":"max-snippet:-1","max-image-preview":"max-image-preview:large","max-video-preview":"max-video-preview:-1"},"canonical":"https:\/\/almenland.reisinger.st\/shop\/produkt\/steiermark-premium-geschenkkarton\/","og_locale":"de_DE","og_type":"article","og_title":"Steiermark Premium Geschenkkarton &#8212; Almenland Shop Reisinger","og_description":"Beinhaltet 10 hochwertige Produkte:  Streilhofer Orig. Mulbratl 200 g Gollien Steirische K\u00e4ferbohnen 400 g Krenland Steirischer Tafelkren 200 g Wilhelm Honigessig 0,25 l Gollien Echt steirisches K\u00fcrbiskern\u00f6l 0,25 l Skoff Wei\u00dfburgunder 0,75 l Vulcano Speckfr\u00fcchte 120 g Almenland Marmelade 260 g Zotter Schokolade 70 g Almenland Lebkuchen 120 g  Verkauf von alkoholischen Getr\u00e4nken nur an Erwachsene.","og_url":"https:\/\/almenland.reisinger.st\/shop\/produkt\/steiermark-premium-geschenkkarton\/","og_site_name":"Almenland Shop Reisinger","article_publisher":"https:\/\/www.facebook.com\/Reisinger-Kaufhaus-116756108344807\/","article_modified_time":"2025-12-10T08:13:37+00:00","og_image":[{"width":2362,"height":2362,"url":"https:\/\/almenland.reisinger.st\/shop\/wp-content\/uploads\/2021\/05\/GeschKarton_Steiermark_Premium.jpg","type":"image\/jpeg"}],"twitter_card":"summary_large_image","twitter_misc":{"Gesch\u00e4tzte Lesezeit":"1\u00a0Minute"},"schema":{"@context":"https:\/\/schema.org","@graph":[{"@type":"WebPage","@id":"https:\/\/almenland.reisinger.st\/shop\/produkt\/steiermark-premium-geschenkkarton\/","url":"https:\/\/almenland.reisinger.st\/shop\/produkt\/steiermark-premium-geschenkkarton\/","name":"Steiermark Premium Geschenkkarton &#8212; Almenland Shop Reisinger","isPartOf":{"@id":"https:\/\/almenland.reisinger.st\/shop\/#website"},"primaryImageOfPage":{"@id":"https:\/\/almenland.reisinger.st\/shop\/produkt\/steiermark-premium-geschenkkarton\/#primaryimage"},"image":{"@id":"https:\/\/almenland.reisinger.st\/shop\/produkt\/steiermark-premium-geschenkkarton\/#primaryimage"},"thumbnailUrl":"https:\/\/almenland.reisinger.st\/shop\/wp-content\/uploads\/2021\/05\/GeschKarton_Steiermark_Premium.jpg","datePublished":"2021-06-09T13:05:29+00:00","dateModified":"2025-12-10T08:13:37+00:00","breadcrumb":{"@id":"https:\/\/almenland.reisinger.st\/shop\/produkt\/steiermark-premium-geschenkkarton\/#breadcrumb"},"inLanguage":"de","potentialAction":[{"@type":"ReadAction","target":["https:\/\/almenland.reisinger.st\/shop\/produkt\/steiermark-premium-geschenkkarton\/"]}]},{"@type":"ImageObject","inLanguage":"de","@id":"https:\/\/almenland.reisinger.st\/shop\/produkt\/steiermark-premium-geschenkkarton\/#primaryimage","url":"https:\/\/almenland.reisinger.st\/shop\/wp-content\/uploads\/2021\/05\/GeschKarton_Steiermark_Premium.jpg","contentUrl":"https:\/\/almenland.reisinger.st\/shop\/wp-content\/uploads\/2021\/05\/GeschKarton_Steiermark_Premium.jpg","width":2362,"height":2362},{"@type":"BreadcrumbList","@id":"https:\/\/almenland.reisinger.st\/shop\/produkt\/steiermark-premium-geschenkkarton\/#breadcrumb","itemListElement":[{"@type":"ListItem","position":1,"name":"Startseite","item":"https:\/\/almenland.reisinger.st\/shop\/"},{"@type":"ListItem","position":2,"name":"Shop","item":"https:\/\/almenland.reisinger.st\/shop\/shop\/"},{"@type":"ListItem","position":3,"name":"Steiermark Premium Geschenkkarton"}]},{"@type":"WebSite","@id":"https:\/\/almenland.reisinger.st\/shop\/#website","url":"https:\/\/almenland.reisinger.st\/shop\/","name":"Almenland Shop Reisinger","description":"Eine weitere WordPress-Website","publisher":{"@id":"https:\/\/almenland.reisinger.st\/shop\/#organization"},"potentialAction":[{"@type":"SearchAction","target":{"@type":"EntryPoint","urlTemplate":"https:\/\/almenland.reisinger.st\/shop\/?s={search_term_string}"},"query-input":{"@type":"PropertyValueSpecification","valueRequired":true,"valueName":"search_term_string"}}],"inLanguage":"de"},{"@type":"Organization","@id":"https:\/\/almenland.reisinger.st\/shop\/#organization","name":"Almenland - Kaufhaus Reisinger","url":"https:\/\/almenland.reisinger.st\/shop\/","logo":{"@type":"ImageObject","inLanguage":"de","@id":"https:\/\/almenland.reisinger.st\/shop\/#\/schema\/logo\/image\/","url":"https:\/\/almenland.reisinger.st\/shop\/wp-content\/uploads\/2021\/01\/reisinger-logo.png","contentUrl":"https:\/\/almenland.reisinger.st\/shop\/wp-content\/uploads\/2021\/01\/reisinger-logo.png","width":259,"height":60,"caption":"Almenland - Kaufhaus Reisinger"},"image":{"@id":"https:\/\/almenland.reisinger.st\/shop\/#\/schema\/logo\/image\/"},"sameAs":["https:\/\/www.facebook.com\/Reisinger-Kaufhaus-116756108344807\/","https:\/\/www.instagram.com\/reisingerkaufhaus"]}]}},"_links":{"self":[{"href":"https:\/\/almenland.reisinger.st\/shop\/wp-json\/wp\/v2\/product\/419","targetHints":{"allow":["GET"]}}],"collection":[{"href":"https:\/\/almenland.reisinger.st\/shop\/wp-json\/wp\/v2\/product"}],"about":[{"href":"https:\/\/almenland.reisinger.st\/shop\/wp-json\/wp\/v2\/types\/product"}],"wp:featuredmedia":[{"embeddable":true,"href":"https:\/\/almenland.reisinger.st\/shop\/wp-json\/wp\/v2\/media\/416"}],"wp:attachment":[{"href":"https:\/\/almenland.reisinger.st\/shop\/wp-json\/wp\/v2\/media?parent=419"}],"wp:term":[{"taxonomy":"product_brand","embeddable":true,"href":"https:\/\/almenland.reisinger.st\/shop\/wp-json\/wp\/v2\/product_brand?post=419"},{"taxonomy":"product_cat","embeddable":true,"href":"https:\/\/almenland.reisinger.st\/shop\/wp-json\/wp\/v2\/product_cat?post=419"},{"taxonomy":"product_tag","embeddable":true,"href":"https:\/\/almenland.reisinger.st\/shop\/wp-json\/wp\/v2\/product_tag?post=419"}],"curies":[{"name":"wp","href":"https:\/\/api.w.org\/{rel}","templated":true}]}}